f + 3. Determine r(h).
6
Let n(p) be the second derivative of p**5/20 + 2*p**4/3 - 3*p**3/2 + 7*p**2/2 + 2*p - 1781. Determine n(-7).
119
Let z(i) = i**3 + 15*i**2 + 49*i + 5. Suppose -16*x + 50 = -21*x + 5*m, -3*x + 5*m - 30 = 0. Calculate z(x).
15
Let x(v) = 4*v**2 + 3*v - 11. Suppose 20 = -4*g - i, -2*g + 4*i - 3 = -11. Give x(g).
41
Let p(m) = -21*m. Let s(r) = -r**3 + 26*r**2 + 10*r - 265. Let j be s(26). Let y(k) = k**2 - 27. Let v be y(j). Calculate p(v).
42
Suppose 2*m = 443*l - 440*l, -3*m = 5*l - 19. Suppose 5*d = 228 - 8. Let g(b) = m - 83*b + d*b + 40*b. What is g(-7)?
-4
Suppose 11259*m - 11280*m + 126 = 0. Let i(n) = 7*n**2 - 8*n + 11 - 2*n**3 + n**3 + 3*n. What is i(m)?
17
Let q(n) be the third derivative of n**5/60 - 5*n**4/12 - 13*n**3/3 - 1590*n**2. What is q(12)?
-2
Let p(i) = i**2 - 6*i - 3. Suppose 1901 = -5*s + 456. Let l = -280 - s. Give p(l).
24
Let r(q) = -385 + 13*q + 17*q + 6*q + 17*q - 31*q. Give r(17).
-11
Let h be 124 - (5 - 4)/((-2)/4). Let u be (1*2)/((-14)/h*-6). Let w(j) = -3*j**3 + 2*j**2 + 3. Give w(u).
-60
Let i(y) = -64*y**3 + y**2 - 31*y - 81. Let j(f) = 29*f**3 - f**2 + 16*f + 40. Let h(d) = 5*i(d) + 11*j(d). Calculate h(-8).
-5
Let s(x) be the first derivative of 5*x**2/2 - 15*x - 10575. Calculate s(9).
30
Let g(n) be the third derivative of 0*n + 3/2*n**3 + 0 - 1/8*n**4 - 1/120*n**6 + 1/12*n**5 + 159*n**2. What is g(5)?
-6
Let z(v) = -v**2 - v + 27. Suppose r + 89 = 2*c + 105, c + 4*r = 10. Give z(c).
-3
Suppose -3*m + 11 = -5*t, t + 6 = -2*t + 2*m. Let n(q) = 13 - 6*q - 1 + 3. Let f(x) = -4*x + 8. Let o(j) = -5*f(j) + 3*n(j). Determine o(t).
-3
Let t(l) = 2*l**2 + 32*l + 60. Let y be (-56)/35*(-215)/(-172). Give t(y).
4
Let r = 716 + -644. Let t(f) = -r - 39 + 110 + 7*f**2 + f. What is t(-2)?
25
Let p be -2*(-2 + -1 + 1). Let w = -97 + 98. Let q(t) = -134*t - w + 127*t + 5 + 2*t**2. Determine q(p).
8
Let l(y) = -13*y**2 + 5*y + 13. Let z(k) = -7*k**2 + 3*k + 7. Let p(b) = 6*l(b) - 11*z(b). Let x be ((-16)/12)/((-12)/(-18)). What is p(x)?
3
Suppose 5*x = -5*y + 205, -3*y = x - 90 + 45. Suppose x*o - 15 = -15. Let b(d) = d**3 + 2*d**2 - d + 12. Calculate b(o).
12
Let s(r) = 19*r**2 + 41*r - 16. Let b(c) = -9*c**2 - 19*c + 8. Let o(q) = 17*b(q) + 8*s(q). Give o(6).
2
Let z be ((-33)/(-15)*-1 + 2)*-15. Let g(h) = h**2 + 9*h + 1. Determine g(z).
37
Let f(h) = h**3 - 11*h**2 - 14*h + 9. Suppose -44 = -6*l + 4*q + 10, 3*l + 4*q = 45. Give f(l).
-145
Let w(c) = -c + 2. Let z(y) = -4*y**3 - 4*y**2 + 23*y + 10. Let h(k) = 3*k**3 + 6*k**2 - 21*k - 9. Let l(a) = 5*h(a) + 4*z(a). Let i be l(13). Calculate w(i).
7
Let p(c) = -c**3 + 6*c**2 + 3*c + 7. Let s = 185 + -182. Suppose -4*a + 2*b = -30, a + 4*b - s = -0*a. What is p(a)?
-21
Let n(p) = 5*p**2 - 70*p - 1. Suppose -b + 5 = -3*j, -19*b + 27 = -16*b - 5*j. Determine n(b).
-1
Suppose 2*u + 4*i = 32, 2*i = -3*u + 3*i + 34. Suppose u = 5*m - 3*m. Let w(q) = -8*q + q + m*q - 9. Give w(-7).
-2
Let f(i) = -9*i - 121. Let b(k) = -18*k - 255. Let a(m) = -2*b(m) + 5*f(m). Calculate a(-11).
4
Let s(j) = -11*j**2 + 16*j - 12. Let t(i) = -29*i**2 + 46*i - 34. Let m(h) = -8*s(h) + 3*t(h). Suppose 69 = -5*v + 3*b, 2*v + 5*b + 21 = -v. Determine m(v).
18
Let l be (-114)/(-11) + (-12)/33. Let q(f) = -4 - 14 + 8 + 0*f + f. What is q(l)?
0
Let z be (-1384)/(-519) - (14/3)/2. Let j(r) be the third derivative of -z*r**3 + 0*r + 1/24*r**4 + 0 + 9*r**2. Calculate j(-5).
-7
Suppose -120*o - 120 = -130*o. Let d be (0/(o/3))/1. Let i(g) = -g**2 + g + 33. Calculate i(d).
33
Let q(r) = r**3 - 66*r**2 - 67*r - 4. Let s(w) = -242*w + 3939. Let c be s(16). What is q(c)?
-4
Suppose 0 = w + 5*q + 12, 0 = 2*w - 5*q + 7*q. Suppose 3*f + 3 = 0, 5*u + 3*f - w = f. Let x(r) = 14*r**2 - r + 1. Give x(u).
14
Let a(l) = -2 + 2 - 12*l - 3 - l**2 + l**3 + 0 + 10*l**2. Give a(-10).
17
Suppose -12 = -5*u - 2*b, 2*u - 2*b + 10 = 6*u. Let a be 2 - -2*(-5)/u. Let q(i) = -16*i + 2. Let h(v) = 23*v - 3. Let r(f) = 2*h(f) + 3*q(f). Calculate r(a).
6
Let a(o) = 4*o - 44. Let i(v) = 4*v - 46. Let s(x) = -3*a(x) + 2*i(x). Let n be s(7). Suppose n*j = -j - 13. Let u(m) = 2*m - 2. Calculate u(j).
-4
Let z be 1*(-1 + 18 + -17). Let d(q) = q**2 + 2*q + 57. Calculate d(z).
57
Suppose 2*q = -5*n + 45, 3*q + 1 + 3 = -n. Let p(o) = -9*o - 1 + 4 - 12*o**2 + n*o**2. What is p(-9)?
3
Let d(z) = 5*z + 5. Let i(t) be the first derivative of -9*t**2/2 - 14*t + 84. Let r(c) = 5*d(c) + 3*i(c). Give r(-7).
-3
Let n(i) = 128 - i + 130 + 140 - 409. Let y = -11 + -4. Calculate n(y).
4
Let o(r) = 15*r + 12. Let n be (-132)/30 + ((-104)/40 - -3). Calculate o(n).
-48
Let b be -1*(4 + -6) - 0. Suppose -2 = b*a - 10. Suppose 3*m - q - 15 = 0, -2 = a*m + 5*q - 3. Let c(h) = -h**2 + 6*h - 5. Determine c(m).
3
Suppose -104*a + 99*a + 50 = -5*z, -2*z + 10 = 3*a. Let r(l) = -7*l**2 + 12. Let w(b) = b**2 + b - 1. Let y(t) = r(t) + 6*w(t). Calculate y(a).
6
Let c(r) be the third derivative of -r**5/30 - r**4/8 + r**3/6 + 595*r**2. What is c(0)?
1
Suppose 2*j = 8*j + 24. Let s(h) be the second derivative of -h**5/60 - h**4/3 + 5*h**2/2 + 19*h. Let k(r) be the first derivative of s(r). Determine k(j).
16
Let u(h) be the first derivative of 4*h**3 + 361*h**2/2 + 30*h + 9365. Determine u(-30).
0
Suppose 0 = 476*x - 511*x - 490. Let t(s) = -s - 22. Calculate t(x).
-8
Let l = -922 + 921. Let a(h) be the first derivative of -h + 0*h**2 + 2 + 4/3*h**3. What is a(l)?
3
Let x(q) = 13*q**2 - 19*q + 28. Let k(o) = -4*o**2 + 2*o - 1. Let f(s) = 6*k(s) + 2*x(s). What is f(2)?
6
Let s(f) = 5*f**2 + 3*f + 3. Let n = 421 + -426. Let c(u) = 6*u**2 + 2*u + 1. Let g(t) = n*s(t) + 4*c(t). Give g(-9).
-29
Let r(k) = k**3 - 8*k**2 + 15*k + 10. Let i be r(4). Let f(v) = 5*v**2 - v**2 + 12*v - 19*v - 3*v**2 - i + 0*v**2. Give f(6).
-12
Let f be (-6)/(-8) - (-15)/12. Let h(v) be the first derivative of 2*v - 11 + 2/3*v**3 - 3/2*v**f. What is h(2)?
4
Let l(v) be the second derivative of -v**4/12 - 10*v**3/3 - 89*v**2/2 + 3*v - 211. Calculate l(-7).
2
Let m(q) = 159*q**2 + 4*q - 136. Let j(i) = -39*i**2 - i + 30. Let t(u) = -9*j(u) - 2*m(u). Calculate t(-1).
34
Let s(b) = b**2 + 7*b + 1. Let n = -55 + 3. Suppose 1350 = -12*g + 42*g. Let c = g + n. What is s(c)?
1
Let f(y) = -133 + 73 + 53 - 38*y. What is f(-2)?
69
Let r(y) be the first derivative of -13*y**2/2 - 11*y - 278. Determine r(-6).
67
Let s(y) = -158 + 646 - 4*y**2 + 2*y - 154 - 163 - 166. Calculate s(-3).
-37
Let a(g) = 2*g - 3. Let s = 239 + -235. Let w(p) = 4*p - 4. Let z(l) = s*w(l) - 5*a(l). Determine z(-2).
-13
Suppose -k + 37 = 57. Let r(x) = x**2 + 19*x - 18. Let a be r(k). Let d(c) = -8*c + 0*c**3 + 6*c**2 + a - c**3 + c**2 + 2*c**3. What is d(-8)?
2
Let l(k) be the first derivative of 7*k**2/2 - 112*k - 2438. Give l(17).
7
Let u be ((-20)/(-14) - 66/154)*-2. Let n be 231/(-66) - 3/u. Let p(b) = b**3 - 2*b. Determine p(n).
-4
Let h(s) = 3*s**2 - 42*s - 802. Let c(w) = -4*w**2 + 55*w + 1070. Let d(k) = 10*c(k) + 13*h(k). Determine d(19).
-11
Let v(u) = -7*u + 2. Suppose 2*l + 5*z + 8 = 0, -2*l = l + 3*z - 6. Suppose -97*i + 94*i = l. What is v(i)?
16
Let m(h) be the second derivative of -13*h**5/20 + h**3/6 + h. Suppose 15*b - 72 = -3*b. Suppose -b*j + 12 - 8 = 0. Give m(j).
-12
Let z(o) be the third derivative of -11*o**4/24 - 31*o**3/6 + 4*o**2 - 145*o + 1. What is z(-7)?
46
Let w be (-68)/5*(-49 + -26). Let s(r) = w*r - r**3 + 3*r**2 - 512*r - 504*r. Give s(4).
0
Let b(a) = 13*a - 7*a**2 + 17*a**2 + 6*a**2 - 90 - 2*a**3 + 0*a + 0*a**2. Calculate b(8).
14
Let l(k) = 5*k**2 + 9*k + 9. Let q(t) = -6*t**2 - 9*t - 10. Let f(x) = -5*l(x) - 4*q(x). Suppose 233 - 63 = -34*p. Calculate f(p).
15
Suppose 19*p = 10*p - 54. Let x(a) = -2*a**2 - 14*a - 14. Give x(p).
-2
Suppose -5*x = -2537*f + 2540*f + 65, 35 = 3*f - 5*x. Let j(b) = 0*b + 2*b + 1 + 2. Calculate j(f).
-7
Let l(n) = 7*n - 5*n + 12 - n. Suppose 0 = 4*a - 120 + 24. Suppose -4*i - a = -0*i. Calculate l(i).
6
Let x(t) = t**2 - 8*t - 9. Let b = 156 - 72. Let r be ((-6)/7)/((-9)/b). What is x(r)?
-9
Let v(y) = -y**3 - 9*y**2 + 9*y - 6. Let d(h) = -6*h + 62 - 232 + 2*h + 2*h - 8*h. Let z be d(-16). What is v(z)?
4
Let h(c) be the second derivative of -c**3/3 - 5*c**2/2 - 8810*c. Suppose 2*i + 8 = -k + i, -4 = i. Calculate h(k).
3
Let f(p) = -2 + p**2 -